3*k - 16. Determine b(13).
-523
Let w(p) = 2*p**2 + 26*p. What is w(-13)?
0
Let p(n) = n**3 + 20*n**2 - 4*n + 305. Determine p(0).
305
Let m(b) = 32*b + 77. Calculate m(-5).
-83
Let o(z) = z**3 + 5*z**2 - 10*z - 14. Give o(5).
186
Let j(a) = 10*a**2 - 9*a + 16. Calculate j(0).
16
Let s(c) = 20*c - 288. Give s(15).
12
Let d(i) = -390*i - 13263. What is d(-34)?
-3
Let g(d) = -13*d**2 + 13*d + 5. Give g(-4).
-255
Let j(v) = 4*v**2 - 108*v - 107. Give j(28).
5
Let p(t) = 2*t**3 - 110*t**2 + 105*t + 135. Determine p(54).
-27
Let p(d) = -145*d - 4670. Calculate p(-32).
-30
Let o(r) = -78*r - 5533. Give o(-71).
5
Let s(i) = -210*i + 13433. Determine s(64).
-7
Let a(r) = 3*r**2 + 442*r - 1361. What is a(3)?
-8
Let o(u) = -105*u - 13114. What is o(-125)?
11
Let n(m) = -20*m - 387. Give n(-27).
153
Let r(c) = 7733*c - 38668. Determine r(5).
-3
Let t(s) = 3*s**2 - 10*s - 9. What is t(-1)?
4
Let c(h) = h**2 + 82*h + 1670. Determine c(-42).
-10
Let d(t) = t**3 - 22*t**2 - 22*t - 15. Calculate d(23).
8
Let p(c) = -c**3 - 18*c**2 - 87*c - 646. Calculate p(-15).
-16
Let l(o) = 2*o**3 - 89*o**2 - 56*o + 494. Give l(45).
-1
Let l(k) = -500*k + 17. Determine l(0).
17
Let l(f) = f**3 - 47*f**2 + 101*f - 312. Calculate l(45).
183
Let p(q) = q**2 + 1488*q + 2970. What is p(-2)?
-2
Let o(v) = -2*v**2 + 80*v - 683. Calculate o(11).
-45
Let z(f) = f**3 + 59*f**2 - 4*f - 157. Calculate z(-59).
79
Let k(w) = 2*w**2 - 3155*w - 22189. Determine k(-7).
-6
Let g(f) = -2*f**2 + 91*f - 439. What is g(40)?
1
Let f(b) = 13*b**3 + 23*b**2 + 125*b + 260. Give f(-2).
-2
Let g(u) = -7*u**2 - 60*u + 187. Determine g(-11).
0
Let c(x) = x**2 - 5*x - 181. Determine c(18).
53
Let i(x) = 5*x + 28. Calculate i(-10).
-22
Let o(s) = 278*s - 923. Give o(3).
-89
Let y(t) = 234*t - 1631. Determine y(7).
7
Let x(b) = -61*b - 534. What is x(-9)?
15
Let y(k) = -5071*k + 65926. Give y(13).
3
Let r(c) = 18*c**2 - 14*c - 32. Determine r(2).
12
Let c(w) = -166*w + 1326. Calculate c(8).
-2
Let u(p) = p**3 + 10*p**2 + 30*p + 161. Give u(-9).
-28
Let h(a) = -a**3 + 2*a**2 - 11*a - 75. What is h(-3)?
3
Let l(n) = -2*n**3 + 33*n**2 - 108*n - 15. Determine l(5).
20
Let t(q) = -2*q**2 + 16*q - 1. What is t(7)?
13
Let g(v) = 7*v**3 - 72*v**2 + 3*v + 6. What is g(10)?
-164
Let a(k) = 2*k**2 + 23*k - 26. Give a(-10).
-56
Let n(u) = -5194*u - 36359. Determine n(-7).
-1
Let s(q) = -2*q**3 - 24*q**2 + 9*q + 114. Calculate s(-12).
6
Let q(m) = -30*m**3 + 12*m**2 - m + 3. What is q(2)?
-191
Let t(q) = q**2 + 3*q + 32. What is t(-16)?
240
Let h(c) = -4*c**3 - 38*c**2 - 19*c - 430. Determine h(-10).
-40
Let x(h) = -4*h**2 - 80*h + 250. Give x(-21).
166
Let a(o) = -178*o - 6068. Calculate a(-34).
-16
Let q(a) = -3*a**3 + 38*a**2 - 78*a - 16. What is q(10)?
4
Let x(h) = -6*h + 233. Determine x(39).
-1
Let u(x) = -82*x**2 + 2. Calculate u(-1).
-80
Let d(j) = -j**3 + 7*j**2 + 16*j + 88. Give d(-5).
308
Let m(x) = -4*x**2 - 19*x + 65. Calculate m(-11).
-210
Let u(s) = -19*s**2 - 109*s - 110. Give u(-1).
-20
Let n(v) = -v**3 + 77*v**2 - 426*v - 135. What is n(71)?
-135
Let w(c) = 55*c - 56. Give w(1).
-1
Let c(p) = 26*p**3 - 8*p**2 + 43*p - 34. Calculate c(1).
27
Let i(n) = n**3 - n**2 - 75*n - 115. Give i(-7).
18
Let l(n) = -125*n + 7869. Determine l(63).
-6
Let r(h) = -h**3 + 22*h + 35. What is r(-2)?
-1
Let h(i) = 5019*i + 5106. Give h(-1).
87
Let v(s) = -s**3 - 7*s**2 + 27*s + 32. What is v(-10)?
62
Let o(f) = -4*f**3 - 45*f**2 - 78*f + 11. What is o(-8)?
-197
Let d(i) = -2*i**3 + 4*i - 8. Give d(-4).
104
Let s(v) = -v**3 - 11*v**2 - 13*v - 39. What is s(-9)?
-84
Let d(m) = -m**2 + 11*m + 16. Give d(16).
-64
Let c(n) = -148*n - 353. Calculate c(-3).
91
Let v(c) = -c**2 + 34*c - 225. Give v(20).
55
Let z(w) = -w**3 - 50*w**2 + 158*w + 6. Give z(-53).
59
Let k(n) = -208*n - 22738. Determine k(-109).
-66
Let a(g) = -g**2 - 7*g + 15. Calculate a(-6).
21
Let q(y) = 21*y - 26. What is q(6)?
100
Let t(b) = b**3 - 10*b**2 + 34*b - 231. Determine t(8).
-87
Let r(d) = 3*d**3 - 5*d**2 + 31*d - 85. What is r(3)?
44
Let x(o) = o**3 + 8*o**2 - o - 79. What is x(-6)?
-1
Let t(g) = -g**3 - 16*g**2 + 41*g - 301. Determine t(-19).
3
Let p(y) = -y**3 + 49*y**2 + 12*y - 325. Determine p(49).
263
Let a(f) = -f**2 - 2*f + 16. What is a(7)?
-47
Let m(h) = -h**2 + 122*h - 1230. Give m(11).
-9
Let j(h) = -33*h**2 - 9468*h + 867. What is j(-287)?
6
Let y(c) = -3*c**3 + 49*c**2 - 212*c + 118. Give y(7).
6
Let t(i) = 2*i**2 + 137*i + 520. Determine t(-4).
4
Let j(t) = t**3 + 51*t**2 + 44*t - 296. Determine j(-50).
4
Let a(n) = 38*n + 19. Give a(0).
19
Let w(c) = -13*c - 160. Calculate w(-10).
-30
Let a(p) = -2*p**3 - 79*p**2 + 121*p - 88. What is a(-41)?
-6
Let z(m) = m**3 - 5*m**2 - 373*m. Determine z(-17).
-17
Let c(p) = p**2 + 83*p - 14032. Calculate c(84).
-4
Let w(s) = s**3 + 18*s**2 + 56*s + 379. What is w(-16)?
-5
Let g(z) = -3*z**2 - 145*z - 964. Calculate g(-8).
4
Let g(q) = -20*q**2 + 80*q - 10. What is g(4)?
-10
Let a(x) = 440*x + 2209. Give a(-5).
9
Let m(j) = -3*j**3 + 2*j**2 + 12. Calculate m(-3).
111
Let d(q) = q**3 + 60*q**2 + 5*q - 3198. What is d(-59)?
-12
Let l(u) = -3*u**2 + 176*u + 62. Calculate l(59).
3
Let p(f) = 9*f**2 + 4*f - 4. Determine p(1).
9
Let w(t) = -94*t + 1320. Determine w(14).
4
Let v(i) = 9*i**2 - 40*i - 23. Determine v(5).
2
Let l(k) = 37*k**2 - 42*k - 8. Determine l(3).
199
Let h(x) = -40*x**2 + 2268*x + 690. Determine h(57).
6
Let p(t) = -2*t**3 + 6*t**2 + 8*t + 19. Calculate p(6).
-149
Let h(m) = 5*m**3 - 15*m**2 + 10*m - 10. Calculate h(3).
20
Let z(p) = p**3 + 23*p**2 + 95*p + 10. Give z(-18).
-80
Let i(c) = -c**3 - 10*c**2 + 47*c + 20. Give i(4).
-16
Let p(c) = 7*c + 532. What is p(-49)?
189
Let z(d) = -28*d + 448. Calculate z(16).
0
Let r(q) = q**3 + 95*q**2 + 91*q - 298. What is r(-94)?
-16
Let i(m) = m**3 + 13*m**2 - 19*m + 19. Calculate i(-15).
-146
Let x(r) = 37*r - 161. What is x(20)?
579
Let i(b) = 113*b + 3378. Give i(-30).
-12
Let b(z) = 2*z**3 + 8*z**2 - 2*z - 9. Give b(-2).
11
Let f(r) = 26*r**2 - 89*r + 34. Give f(5).
239
Let z(r) = -r**3 + 14*r**2 - 38*r - 2. Give z(4).
6
Let y(n) = 449*n - 2655. Determine y(6).
39
Let w(j) = 69*j**2 - 341*j - 10. What is w(5)?
10
Let z(w) = -w**3 - 63*w**2 - 181*w - 49. What is z(-60)?
11
Let w(j) = j**3 + 16*j**2 + 42*j + 45. Calculate w(-9).
234
Let w(k) = -k**3 - 17*k**2 + 7*k + 5. Give w(0).
5
Let a(d) = d**3 + 7*d**2 - 106*d - 9. Determine a(8).
103
Let o(f) = -f**3 - 5*f**2 + 23*f + 107. What is o(-4)?
-1
Let m(j) = -2*j**2 - 38*j - 197. Determine m(-8).
-21
Let d(a) = -12*a**2 - 41*a - 1. What is d(-7)?
-302
Let x(a) = -a**3 + 9*a**2 + 7*a - 117. Give x(7).
30
Let n(k) = -k**3 + 25*k**2 - 595*k + 1102. Give n(2).
4
Let y(j) = -j**3 + 64*j**2 + 1184*j + 59. What is y(79)?
-20
Let v(a) = a + 11. Determine v(44).
55
Let w(n) = n**3 - 57*n**2 - 59*n + 99. What is w(58)?
41
Let w(n) = n**3 + 2*n**2 - 23*n - 70. Determine w(-4).
-10
Let z(y) = 22*y + 1654. What is z(-39)?
796
Let x(d) = 7*d**2 - 18*d - 4. Calculate x(5).
81
Let p(t) = -54*t + 1196. Determine p(22).
8
Let k(g) = -g**3 - 199*g**2 + 202*g + 339. Determine k(-200).
-61
Let m(h) = -h**3 - 10*h**2 - 16*h - 20. Give m(-7).
-55
Let i(n) = n**3 - 25*n**2 + 110*n + 262. What is i(18)?
-26
Let y(s) = -64*s - 1062. Give y(-19).
154
Let v(d) = 35*d - 4607. Calculate v(137).
188
Let x(o) = -o**2 - 1812*o + 10905. What is x(6)?
-3
Let c(k) = 53*k + 218. Determine c(-4).
6
Let a(u) = -13*u - 105. Give a(-16).
103
Let v(h) = 8*h**2 - 113*h + 332. Determine v(4).
8
Let w(f) = 7*f**3 + 778*f**2 + 103*f - 882. Determine w(-111).
6
Let v(d) = -4031*d - 72571. Give v(-18).
-13
Let u(z) = -2*z**3 + 18*z**2 - 15*z + 2. What is u(8)?
10
Let n(l) = 2*l**3 + 116*l**2 - 107*l + 314. Determine n(-59).
-335
Let v(g) = 261*g + 1788. Determine v(-8).
-300
Let i(p) = 24*p**3 - 96*p**2 + 8. Give i(4).
8
Let d(r) = -6*r**2 - 12*r + 56. What is d(4)?
-88
Let p(i) = i**3 - 17*i**2 - 18*i + 352. What is p(14)?
-488
Let k(n) = 495*n + 76730. What is k(-155)?
5
Let r(w) = w**3 + 11*w**2 - 3*w - 50. Determine r(-11).
-17
Let z(n) = 2*n**3 - 103*n**2 - 49*n - 133. Give z(52).
23
Let d(f) = f**3 + 10*f**2 - 5*f - 30. Give d(-5).
120
Let n(l) = -5*l**2 - 55*l + 153. Calculate n(3).
-57
Let z(l) = -l**3 + 16*l**2 - 58*l - 7. De